et t be i(7). Let w(o) = 4*o + 5. Calculate w(t).
-19
Let t be (3/(-2) - 57/18)*-3. Suppose 6 = -11*q + t*q. Let w(b) = -5*b**3 + 2*b + 4*b**q - 5 + 4*b**3 - 17*b**2 + 9*b**2. What is w(-4)?
-13
Let r(l) = l - 1. Suppose 2*f - 60 = -3*i + 6, -52 = -2*f + 4*i. Suppose 0 = -a + f*a - 87. What is r(a)?
2
Suppose 8*v + 1159 = 447. Let i = v - -83. Let a(y) be the third derivative of -y**6/120 - 7*y**5/60 - y**4/12 + y**3 + 2*y**2. Calculate a(i).
-18
Let f(h) be the third derivative of -h**7/1008 + 19*h**6/360 + 49*h**5/12 + 9*h**2 + 5*h. Let s(p) be the third derivative of f(p). What is s(7)?
3
Let p(q) = -14 - 2 + 14 + 3*q**2 - 2*q + 8 - 4*q**2 + 3. Suppose 4 = -3*r - 8. What is p(r)?
1
Let n(w) = 4*w - 39. Suppose 27*b - 27*b = 2*m, 2*m = -2*b + 18. Determine n(b).
-3
Let t(n) = 14*n + 2*n + 6 - 17*n + 11. Let x be t(-8). Let f(u) = -11*u**2 - 2 + x*u**2 - u**3 - 6 - 7*u**2 + 10*u. Determine f(8).
8
Let w(y) = 2*y**2 + 15*y - 1. Let q be ((-14)/(-10))/(0 + (-4)/(18 + 2)). What is w(q)?
-8
Let j(z) = 4*z - 31. Let g(a) = -11*a + 69. Let o(w) = 2*g(w) + 5*j(w). Give o(7).
-31
Let n = -36 - -38. Suppose 3*v - 2*d + 6*d = 18, 2*d - n = 2*v. Let q(i) = 391*i**2 - 2 - 4*i + 0 - 392*i**v. Calculate q(-2).
2
Let d(g) = -1123*g - 6737. Let o be d(-6). Let b(p) = 2*p**2 - 8*p + 11. Give b(o).
5
Let g be (-17)/2*(-12)/3. Suppose -31 = -5*l - o + g, 4*o = 3*l - 39. Suppose -2*v + 5*z + 21 = 0, -4*v + 3*z + l = -3*v. Let x(t) = -t - 1. What is x(v)?
1
Let k(l) = l**2 + 3*l - 7. Let p be k(-4). Let f be (-64)/(-34) - 10/(-85). Let q(m) = -4*m + 39*m**3 - 40*m**3 - m**2 - 4*m**f + 1. Calculate q(p).
-5
Let g(y) = y**3 + y**2 + 3*y. Let k = 412 + -262. Let w be 16/(-5) - (-30)/k. Give g(w).
-27
Suppose 91*f = 102*f - 55. Let h(c) = f*c - 4*c + 6 + 1 - 6. Let p be ((-3)/5)/(1/(-5)). Determine h(p).
4
Let g be (6/(12 - 6))/(1/(-4)). Let q(p) = -p - 5. Let c be q(-6). Let v(t) = -3 - t + c - t. Give v(g).
6
Let z(s) = -9*s**2 - 17*s - 35. Let h(g) be the third derivative of -g**5/15 - 3*g**4/8 - 3*g**3 - 79*g**2. Let y(n) = 7*h(n) - 3*z(n). Determine y(-9).
6
Let j(n) = -4*n - 2. Let c(p) = 9*p + 5*p - 7*p + 4 - p. Let y(k) = -5*c(k) - 8*j(k). Calculate y(-8).
-20
Suppose 0 = 2*i + 2*u - 6, -3*i + 49 = -u + 40. Let l(d) = d**3 - 3*d**2 + 2*d + 3. Determine l(i).
9
Let j be ((-35)/7 - (-44)/12)*3 + -2. Let r(k) = -k**3 - 7*k**2 + k - 1. Give r(j).
-43
Let z(a) = 2*a - 1. Let v(p) = 3*p - 4. Let t be (-11)/22 + (-45)/(-18). Let x be 1/(-3) + (-4)/6. Let g(f) = t*z(f) + x*v(f). Give g(3).
5
Let b(m) = -m**2 - 11*m + 39. Suppose k + 30*t - 25*t = 16, t + 36 = -3*k. Give b(k).
-3
Suppose 6*a - a = -4*k - 2, -2*a - 2*k = 2. Suppose -a = -5*t + 6*g - 3*g, 2*t = -3*g + 5. Let p(d) = -10 + 0*d + t - d. What is p(7)?
-16
Let q(y) = 6*y**2. Let h = 35 - 37. Let t be (-3 - h) + -3 + -1. Let v(j) = j**2 + 6*j + 4. Let i be v(t). Determine q(i).
6
Let r(n) = n**2 - 17*n + 4. Let y(o) = 2*o. Let t(j) = r(j) + 6*y(j). Let f(s) = s. Let p(x) = -6*f(x) - t(x). Calculate p(0).
-4
Let q(j) = j**3 + j**2 - 3*j + 1. Let g = -197 - -21. Let p = g - -178. Determine q(p).
7
Let v(m) = -m**3 + 14*m**2 - 22. Suppose 2*b - 3*w - 32 = 0, -3*b + 35 = 2920*w - 2918*w. Determine v(b).
147
Let a = -19696 - -19706. Let p(w) be the first derivative of w**4/4 - 10*w**3/3 + w**2/2 + 12*w + 2. Calculate p(a).
22
Suppose -196 = -16*s + 12*s. Suppose 0 = -s*z + 54*z - 130. Let i(v) = 50 - 8*v - z - 25. Determine i(1).
-9
Let n(i) = -i**2 - 4*i + 12. Let k be 3/6*(27/(-1) + 13). What is n(k)?
-9
Let t be 1 - (-2 + 2 + -1). Let a(r) = -5 - 6*r**2 - r**2 - 10 + 17 - r - r**3 + 8*r**2 + 5*r**3. Calculate a(t).
36
Let w(k) = -k**3 - 4*k**2 - 6*k - 14. Let d be w(-3). Let p(n) = -4*n. Let m(q) = q + 1. Let j(f) = -2*m(f) - p(f). Determine j(d).
-12
Let y(n) = 143 + n - 296 + 188. What is y(-28)?
7
Let w(c) = -5*c**3 + 11*c + 14. Let i(l) = 2*l**3 + 3*l**2 + 2. Let y(t) = 3*i(t) + w(t). Give y(-8).
-4
Suppose -9 + 37 = 7*n. Let b(g) = -5*g**2 + 5*g + 4*g**2 + 0 + 0. Calculate b(n).
4
Let s(g) = -47*g + 15. Let t(r) = 187*r - 69. Let a(n) = -9*s(n) - 2*t(n). Calculate a(-1).
-46
Let m(d) = -5*d - 9. Let q be ((-70)/28)/(6/4 - 1). Let b(i) = 4*i + 8. Let y(z) = q*m(z) - 6*b(z). Let n = -14 - -21. Determine y(n).
4
Let y = -4 - -10. Let x(d) be the third derivative of 0 + 0*d + 0*d**3 + 1/24*d**4 + 28*d**2. Calculate x(y).
6
Let z be (-245)/(-28) + (-6)/8. Suppose -i - i - z = 0. Let v(c) = -3*c - 2*c**2 + c - 3*c + 3*c**2 + 7*c - 3. Give v(i).
5
Let p = 464 + -456. Let g be (-6)/(60/(-8) + p). Let q(c) = c**3 + 10*c**2 - 23*c + 6. What is q(g)?
-6
Let n(f) be the first derivative of -f**3/3 + 5*f**2 - 11*f + 4. Let r = 628 + -619. What is n(r)?
-2
Suppose 3*u + 2*n = 2*u + 2, 5*u = 2*n + 22. Let m(h) be the third derivative of 1/60*h**5 + 0 - 1/12*h**4 + 0*h + 2*h**2 + 5/6*h**3. Determine m(u).
13
Let w be (-11)/(33/(-12))*23/(-2). Let v(c) = c**2 - 22*c + 38. Let q be v(17). Let n = q - w. Let f(h) = -12*h - 1. Determine f(n).
11
Let n(h) = h + 4. Let b(z) = 2*z. Let p(q) = q - 1. Let a(m) = -2*b(m) + 3*p(m). Let k be a(-5). Suppose v = -k*v. Give n(v).
4
Suppose 0 = 3*o + 4*w - 137, -3*o + 0*o + 2*w + 107 = 0. Let d(p) = -o*p**2 + 0*p - p**3 + 0*p + 5 + 34*p**2. What is d(-5)?
5
Suppose 4*d - 9 = -5*x, -d = 2*d + 4*x - 6. Let l(p) = -8*p + 5*p**2 - 2 - d*p**2 - p + 3*p. Suppose 3*j + 14 = -1. Calculate l(j).
3
Let n(k) = -33*k + 3. Let x(g) = -6*g - 5. Let a(r) = -2*r - 1. Let y(p) = -4*a(p) + x(p). Let j(w) = -n(w) - 6*y(w). What is j(-2)?
-39
Suppose 23 = -13*i + 101. Let q be i + 0 - (8 + -9 - 2). Let d(h) = h - 12. Determine d(q).
-3
Let d(o) = -2998*o**2 + 2999*o**2 + 257*o + 14 - 246*o. Let s be ((-3)/2)/((-3)/(-20)). Determine d(s).
4
Let q(u) = -11*u - 3. Let t(f) = 19*f + 8. Let n(y) = -5*q(y) - 3*t(y). Calculate n(-6).
3
Let j be (-12 + 11)*(1 - (-1 - -92)). Let w = j - 87. Suppose w*i = -8 + 14. Let f(b) = b**3 - b**2 - 3*b + 3. Give f(i).
1
Let h = -6 - -7. Let n = -6 + h. Let r(j) be the third derivative of -j**5/60 - j**4/3 - j**3/2 + 41*j**2 + 2. What is r(n)?
12
Let t = 6 - 8. Let c be (40/30)/(1 + t/3). Suppose -2*b + 9 = 3*o + 3*b, c*o + 2*b - 12 = 0. Let l(w) = -w**2 + 3*w + 1. Calculate l(o).
1
Let h(q) = -6*q + 5. Let p be h(2). Let s(l) be the first derivative of -l**3/3 - 7*l**2/2 + 6*l + 518. Determine s(p).
6
Let v(i) be the second derivative of i**4/12 - i**3/2 + 3*i**2/2 + 2*i - 154. Suppose 24 - 4 = 5*w. Determine v(w).
7
Let z(y) = -6*y + 1. Let s = -1265 + 1260. What is z(s)?
31
Let f(h) = h - 15. Let k(u) = 62*u - 194. Let t(c) = 12*c - 39. Let a(x) = -2*k(x) + 11*t(x). Let o be a(6). Determine f(o).
-8
Let j(t) = 26*t + 1. Let f = -2224 + 2225. Give j(f).
27
Let f(n) = 2*n - 3. Suppose -m = -5*m - 5*j + 191, 0 = -5*m - 5*j + 240. Let a = 52 - m. Determine f(a).
3
Suppose -2*k - 16 = 2*r, -13*r = -8*r - 3*k + 48. Let j(x) = -x**3 - 10*x**2 - 8*x - 5. What is j(r)?
-14
Suppose n + 18 = 10*n. Let c(d) = 3*d**3 + n + d**3 - d - 3*d**3 - 1. Let w be c(-2). Let g(q) = q**3 + 7*q**2 + 8*q + 5. Calculate g(w).
15
Let p = -721 - -713. Let z(y) = 20*y - 2 + 0*y**2 - 10*y + y**2 - 4. What is z(p)?
-22
Let d be 1/((-4)/(-8)*-2). Let i(n) be the first derivative of 2*n**3 - n + 2268. Calculate i(d).
5
Let u(b) = -20*b**3 - 16*b**2 + b + 7. Let h(o) = -38*o**3 - 30*o**2 + o + 12. Let s(t) = 6*h(t) - 11*u(t). What is s(-2)?
53
Let n(x) = x**3 + 4*x**2 + 5*x + 4. Let w = -110 + 114. Suppose y = 2*y - 3*o + 12, w*y = -4*o. What is n(y)?
-2
Let j(m) = 9*m + 66. Let y(n) = 7*n + 51. Let b(u) = -4*j(u) + 5*y(u). Let k be 2/3 - (-56)/(-12). Give b(k).
-5
Let l(q) = q - 15. Let s(j) = -2*j - 2. Let h(u) = -l(u) + 2*s(u). Calculate h(5).
-14
Let x(n) = -n + 13. Let v be ((-9)/189)/(6/18) + 30/14. Determine x(v).
11
Let v(a) = 39 - 18*a + 16 - 57 + 8. Give v(7).
-120
Let k(j) = -j**2 + 17*j - 20. Let n be k(13). Let y(z) = -53*z + 36*z + n*z. What is y(-1)?
-15
Let k(w) be the first derivative of -29*w**2/2 - 49*w + 2661. Give k(-4).
67
Let f(a) = -a + 6. Suppose z + 2*z - 4 = -4*x, x - 1 = 5*z. Suppose 3*h + 147 - 129 = z. Give f(h).
12
Let t(i) be the third derivative of 13*i**4/8 + i**3/6 + 2*i**2 + 16*i - 32. Determine t(-1).
-38
Suppose 3*k = 5*r - 11, 28*r - 23*r = -2*k + 26. Let m(c) = -c*